{"id":2,"date":"1993-09-18T11:53:00","date_gmt":"1993-09-18T11:53:00","guid":{"rendered":"https:\/\/taksav.org.tr\/?page_id=2"},"modified":"2024-09-19T17:57:20","modified_gmt":"2024-09-19T17:57:20","slug":"sample-page","status":"publish","type":"page","link":"https:\/\/taksav.org.tr\/?page_id=2","title":{"rendered":"Hakk\u0131m\u0131zda"},"content":{"rendered":"\n<p><strong>Toplumsal Ara\u015ft\u0131rmalar K\u00fclt\u00fcr ve Sanat i\u00e7in Vak\u0131f (TAKSAV)<\/strong>, \u00f6zg\u00fcr ve e\u015fit insanlar\u0131n ya\u015fayaca\u011f\u0131 ba\u015fka bir d\u00fcnya i\u00e7in on y\u0131llard\u0131r m\u00fccadele eden insanlarca kuruldu.<\/p>\n\n\n\n<p>O\u011fuzhan M\u00fcft\u00fco\u011flu, Can Y\u00fccel, R\u0131fat Ilgaz, Korkut Boratav, Fikret Ba\u015fkaya, Emil Galip Sandalc\u0131, Halit \u00c7elenk ve Ayta\u00e7 Arman gibi bir\u00e7ok ayd\u0131n ve sanat\u00e7\u0131 ile birlikte e\u011fitim, bilim, sanat, emek d\u00fcnyas\u0131ndan bir araya gelen kurucular, 1993 y\u0131l\u0131nda TAKSAV \u00e7at\u0131s\u0131 alt\u0131nda bir araya geldiler.<\/p>\n\n\n\n<p><strong>TAKSAV,<\/strong> ba\u015fka bir hayat\u0131 m\u00fcmk\u00fcn k\u0131lmak i\u00e7in insanlar\u0131 bilim, sanat, siyaset alanlar\u0131nda yarat\u0131c\u0131l\u0131\u011f\u0131 \u00f6n planda tutan, dayan\u0131\u015fma ruhunu temel alan bir anlay\u0131\u015fla birle\u015ftirmeyi ama\u00e7 edindi.<\/p>\n\n\n\n<p><strong>TAKSAV,<\/strong> kurulu\u015fundan bu yana toplumsal sorunlara bilim ve sanatla m\u00fcdahale etme \u00e7abas\u0131nda. G\u00f6r\u00fcnenin ard\u0131ndaki ger\u00e7e\u011fi sanat\u0131n, bilimin \u0131\u015f\u0131\u011f\u0131nda ayd\u0131nlatman\u0131n yollar\u0131n\u0131 ar\u0131yor. D\u00fcnyay\u0131, \u00fclkemizi, ya\u015fad\u0131\u011f\u0131m\u0131z toplumu anlaman\u0131n, d\u00f6n\u00fc\u015ft\u00fcrmenin yolunun yarat\u0131c\u0131l\u0131\u011f\u0131n \u0131\u015f\u0131\u011f\u0131yla, ak\u0131lla, bilimle, dayan\u0131\u015fma ile ger\u00e7ekle\u015febilece\u011fine inan\u0131yor.<\/p>\n\n\n\n<p><strong>TAKSAV,<\/strong> at\u00f6lye \u00e7al\u0131\u015fmas\u0131, panel, s\u00f6yle\u015fi, etkinlikler, festivaller d\u00fczenliyor. \u00dclkemizin y\u00fcz ak\u0131 ayd\u0131nlar, sanat\u00e7\u0131lar, bilimcilerle \u00f6\u011frencileri, \u00e7ocuklar\u0131, gen\u00e7leri, kad\u0131nlar\u0131 bulu\u015fturuyor. Susup dinlemeyi, oturup seyretmeyi de\u011fil birlikte konu\u015fmay\u0131, birlikte yaratmay\u0131, dayan\u0131\u015fmay\u0131 ve de\u011fi\u015ftirmeyi \u00f6nemsiyor. Ac\u0131 ve zor zamanlar\u0131 yaz\u0131yla, tiyatroyla, sinemayla, s\u00f6yle\u015filerle, \u015fiirle, edebiyatla a\u015fmaya \u00e7al\u0131\u015f\u0131yor.<\/p>\n\n\n\n<p><strong>TAKSAV,<\/strong> hayat\u0131n yeniden ve arkada\u015f\u00e7a \u00fcretilebilece\u011fine olan g\u00fcveni yayg\u0131nla\u015ft\u0131rmaya \u00e7al\u0131\u015f\u0131yor. Bireycili\u011fin, insans\u0131zla\u015ft\u0131rman\u0131n, k\u00fclt\u00fcrel yabanc\u0131la\u015fman\u0131n kar\u015f\u0131s\u0131na ortakla\u015fmayla \u00e7\u0131k\u0131yor. E\u015fitlik\u00e7i, dayan\u0131\u015fmac\u0131, insan\u0131n t\u00fcm yarat\u0131c\u0131l\u0131\u011f\u0131n\u0131 \u00f6zg\u00fcrce ya\u015fayaca\u011f\u0131 bir d\u00fcnyan\u0131n m\u00fcmk\u00fcn oldu\u011funa inan\u0131yor.<\/p>\n\n\n\n<p><strong>TAKSAV,<\/strong> yarin yana\u011f\u0131ndan gayri her yerde hep beraber diyenlerin vakf\u0131.<\/p>\n\n\n\n<p><strong>TAKSAV,<\/strong> g\u00fcc\u00fc kadar \u00fcreten, \u00fcretti\u011fini payla\u015fan, ihtiyac\u0131 kadar t\u00fcketen insanlara ve onun devrimci yoluna inananlar\u0131n vakf\u0131.<\/p>\n","protected":false},"excerpt":{"rendered":"<p>Toplumsal Ara\u015ft\u0131rmalar K\u00fclt\u00fcr ve Sanat i\u00e7in Vak\u0131f (TAKSAV), \u00f6zg\u00fcr ve e\u015fit insanlar\u0131n ya\u015fayaca\u011f\u0131 ba\u015fka bir d\u00fcnya i\u00e7in on y\u0131llard\u0131r m\u00fccadele eden insanlarca kuruldu. O\u011fuzhan M\u00fcft\u00fco\u011flu, Can Y\u00fccel, R\u0131fat Ilgaz, Korkut Boratav, Fikret Ba\u015fkaya, Emil Galip Sandalc\u0131, Halit \u00c7elenk ve Ayta\u00e7 Arman gibi bir\u00e7ok ayd\u0131n ve sanat\u00e7\u0131 ile birlikte e\u011fitim, bilim, sanat, emek d\u00fcnyas\u0131ndan bir araya&#8230;<\/p>\n","protected":false},"author":1,"featured_media":230,"parent":0,"menu_order":0,"comment_status":"closed","ping_status":"open","template":"","meta":{"footnotes":""},"class_list":["post-2","page","type-page","status-publish","has-post-thumbnail","hentry"],"_links":{"self":[{"href":"https:\/\/taksav.org.tr\/index.php?rest_route=\/wp\/v2\/pages\/2","targetHints":{"allow":["GET"]}}],"collection":[{"href":"https:\/\/taksav.org.tr\/index.php?rest_route=\/wp\/v2\/pages"}],"about":[{"href":"https:\/\/taksav.org.tr\/index.php?rest_route=\/wp\/v2\/types\/page"}],"author":[{"embeddable":true,"href":"https:\/\/taksav.org.tr\/index.php?rest_route=\/wp\/v2\/users\/1"}],"replies":[{"embeddable":true,"href":"https:\/\/taksav.org.tr\/index.php?rest_route=%2Fwp%2Fv2%2Fcomments&post=2"}],"version-history":[{"count":4,"href":"https:\/\/taksav.org.tr\/index.php?rest_route=\/wp\/v2\/pages\/2\/revisions"}],"predecessor-version":[{"id":319,"href":"https:\/\/taksav.org.tr\/index.php?rest_route=\/wp\/v2\/pages\/2\/revisions\/319"}],"wp:featuredmedia":[{"embeddable":true,"href":"https:\/\/taksav.org.tr\/index.php?rest_route=\/wp\/v2\/media\/230"}],"wp:attachment":[{"href":"https:\/\/taksav.org.tr\/index.php?rest_route=%2Fwp%2Fv2%2Fmedia&parent=2"}],"curies":[{"name":"wp","href":"https:\/\/api.w.org\/{rel}","templated":true}]}}